{"id":432,"date":"2022-02-21T17:06:27","date_gmt":"2022-02-21T16:06:27","guid":{"rendered":"http:\/\/technorma.free.fr\/w\/?page_id=432"},"modified":"2022-02-21T17:06:27","modified_gmt":"2022-02-21T16:06:27","slug":"reglements-et-chartes","status":"publish","type":"page","link":"https:\/\/www.college-poincare-saverne.fr\/?page_id=432","title":{"rendered":"-R\u00e8glements et Chartes"},"content":{"rendered":"\n<p><a href=\"https:\/\/www.college-poincare-saverne.fr\/wp-content\/uploads\/2022\/02\/Reglement-interieur-Clg-Poincare-SAVERNE_def-1.pdf\" data-type=\"URL\" data-id=\"https:\/\/www.college-poincare-saverne.fr\/wp-content\/uploads\/2022\/02\/Reglement-interieur-Clg-Poincare-SAVERNE_def-1.pdf\" target=\"_blank\" rel=\"noreferrer noopener\">R\u00e8glement int\u00e9rieur du coll\u00e8ge Poincar\u00e9<\/a><\/p>\n\n\n\n<p><a href=\"https:\/\/www.college-poincare-saverne.fr\/wp-content\/uploads\/2022\/02\/Le-respect-ca-compte-1.pdf\" data-type=\"URL\" data-id=\"https:\/\/www.college-poincare-saverne.fr\/wp-content\/uploads\/2022\/02\/Le-respect-ca-compte-1.pdf\" target=\"_blank\" rel=\"noreferrer noopener\">Le respect \u00e7a compte<\/a><\/p>\n\n\n\n<p><a href=\"https:\/\/www.college-poincare-saverne.fr\/wp-content\/uploads\/2022\/02\/Charte-Informatique-1.pdf\" data-type=\"URL\" data-id=\"https:\/\/www.college-poincare-saverne.fr\/wp-content\/uploads\/2022\/02\/Charte-Informatique-1.pdf\" target=\"_blank\" rel=\"noreferrer noopener\">Charte Informatique<\/a><\/p>\n\n\n\n<p><a href=\"https:\/\/www.college-poincare-saverne.fr\/wp-content\/uploads\/2022\/02\/Charte-AVAN-1.pdf\" data-type=\"URL\" data-id=\"https:\/\/www.college-poincare-saverne.fr\/wp-content\/uploads\/2022\/02\/Charte-AVAN-1.pdf\" target=\"_blank\" rel=\"noreferrer noopener\">Charte AVAN<\/a><\/p>\n","protected":false},"excerpt":{"rendered":"<p>R\u00e8glement int\u00e9rieur du coll\u00e8ge Poincar\u00e9 Le respect \u00e7a compte Charte Informatique Charte AVAN<\/p>\n","protected":false},"author":1,"featured_media":0,"parent":0,"menu_order":0,"comment_status":"closed","ping_status":"closed","template":"","meta":{"footnotes":""},"class_list":["post-432","page","type-page","status-publish","hentry"],"_links":{"self":[{"href":"https:\/\/www.college-poincare-saverne.fr\/index.php?rest_route=\/wp\/v2\/pages\/432","targetHints":{"allow":["GET"]}}],"collection":[{"href":"https:\/\/www.college-poincare-saverne.fr\/index.php?rest_route=\/wp\/v2\/pages"}],"about":[{"href":"https:\/\/www.college-poincare-saverne.fr\/index.php?rest_route=\/wp\/v2\/types\/page"}],"author":[{"embeddable":true,"href":"https:\/\/www.college-poincare-saverne.fr\/index.php?rest_route=\/wp\/v2\/users\/1"}],"replies":[{"embeddable":true,"href":"https:\/\/www.college-poincare-saverne.fr\/index.php?rest_route=%2Fwp%2Fv2%2Fcomments&post=432"}],"version-history":[{"count":0,"href":"https:\/\/www.college-poincare-saverne.fr\/index.php?rest_route=\/wp\/v2\/pages\/432\/revisions"}],"wp:attachment":[{"href":"https:\/\/www.college-poincare-saverne.fr\/index.php?rest_route=%2Fwp%2Fv2%2Fmedia&parent=432"}],"curies":[{"name":"wp","href":"https:\/\/api.w.org\/{rel}","templated":true}]}}