{"id":405,"date":"2022-02-21T12:21:20","date_gmt":"2022-02-21T11:21:20","guid":{"rendered":"http:\/\/technorma.free.fr\/w\/?page_id=405"},"modified":"2022-02-21T12:21:20","modified_gmt":"2022-02-21T11:21:20","slug":"c-e-s-c","status":"publish","type":"page","link":"https:\/\/www.college-poincare-saverne.fr\/?page_id=405","title":{"rendered":"-C.E.S.C"},"content":{"rendered":"\n<p>Le comit\u00e9 d&rsquo;\u00e9ducation \u00e0 la sant\u00e9 et \u00e0 la citoyennet\u00e9.<\/p>\n\n\n\n<div class=\"wp-block-image\"><figure class=\"aligncenter size-full\"><img loading=\"lazy\" decoding=\"async\" width=\"400\" height=\"400\" src=\"https:\/\/www.college-poincare-saverne.fr\/wp-content\/uploads\/2022\/02\/Article_en_cours-1.jpg\" alt=\"En cours de r\u00e9daction...\" class=\"wp-image-416\" srcset=\"https:\/\/www.college-poincare-saverne.fr\/wp-content\/uploads\/2022\/02\/Article_en_cours-1.jpg 400w, https:\/\/www.college-poincare-saverne.fr\/wp-content\/uploads\/2022\/02\/Article_en_cours-1-300x300.jpg 300w, https:\/\/www.college-poincare-saverne.fr\/wp-content\/uploads\/2022\/02\/Article_en_cours-1-150x150.jpg 150w, https:\/\/www.college-poincare-saverne.fr\/wp-content\/uploads\/2022\/02\/Article_en_cours-1-200x200.jpg 200w, https:\/\/www.college-poincare-saverne.fr\/wp-content\/uploads\/2022\/02\/Article_en_cours-1-100x100.jpg 100w, https:\/\/www.college-poincare-saverne.fr\/wp-content\/uploads\/2022\/02\/Article_en_cours-1-40x40.jpg 40w\" sizes=\"auto, (max-width: 400px) 100vw, 400px\" \/><\/figure><\/div>\n\n\n\n<p>Pour plus d&rsquo;informations : <\/p>\n\n\n\n<p><a href=\"https:\/\/eduscol.education.fr\/2277\/le-comite-d-education-la-sante-et-la-citoyennete-cesc\" target=\"_blank\" rel=\"noreferrer noopener\">https:\/\/eduscol.education.fr\/2277\/le-comite-d-education-la-sante-et-la-citoyennete-cesc<\/a><\/p>\n","protected":false},"excerpt":{"rendered":"<p>Le comit\u00e9 d&rsquo;\u00e9ducation \u00e0 la sant\u00e9 et \u00e0 la citoyennet\u00e9. Pour plus d&rsquo;informations : https:\/\/eduscol.education.fr\/2277\/le-comite-d-education-la-sante-et-la-citoyennete-cesc<\/p>\n","protected":false},"author":1,"featured_media":0,"parent":0,"menu_order":0,"comment_status":"closed","ping_status":"closed","template":"","meta":{"footnotes":""},"class_list":["post-405","page","type-page","status-publish","hentry"],"_links":{"self":[{"href":"https:\/\/www.college-poincare-saverne.fr\/index.php?rest_route=\/wp\/v2\/pages\/405","targetHints":{"allow":["GET"]}}],"collection":[{"href":"https:\/\/www.college-poincare-saverne.fr\/index.php?rest_route=\/wp\/v2\/pages"}],"about":[{"href":"https:\/\/www.college-poincare-saverne.fr\/index.php?rest_route=\/wp\/v2\/types\/page"}],"author":[{"embeddable":true,"href":"https:\/\/www.college-poincare-saverne.fr\/index.php?rest_route=\/wp\/v2\/users\/1"}],"replies":[{"embeddable":true,"href":"https:\/\/www.college-poincare-saverne.fr\/index.php?rest_route=%2Fwp%2Fv2%2Fcomments&post=405"}],"version-history":[{"count":0,"href":"https:\/\/www.college-poincare-saverne.fr\/index.php?rest_route=\/wp\/v2\/pages\/405\/revisions"}],"wp:attachment":[{"href":"https:\/\/www.college-poincare-saverne.fr\/index.php?rest_route=%2Fwp%2Fv2%2Fmedia&parent=405"}],"curies":[{"name":"wp","href":"https:\/\/api.w.org\/{rel}","templated":true}]}}